se -q*x + 15*x = -28. What is the greatest common factor of 364 and x?
14
Let o = 377 - 249. Suppose 35*z + 991 = 1551. Calculate the highest common factor of o and z.
16
Suppose 0*b = 2*z - b - 86, 5*z - 3*b = 214. Let u be (-105)/(-2) + (-322)/28 + 11. Let g = u - z. What is the greatest common divisor of g and 1?
1
Suppose -3627 = 24*z - 55*z. Calculate the greatest common divisor of 26 and z.
13
Let h = -78 - 277. Let t = -171 - h. Calculate the highest common factor of t and 69.
23
Suppose -35*f - 3791 + 167891 = -5*f. What is the highest common divisor of 10 and f?
10
Suppose -2*x - 2*v + 2 = x, 3*v = -15. Suppose -x*n + 699 = -n. Let z = -24 + n. Calculate the highest common factor of z and 11.
11
Let w be (-6393)/(-21) - -9*2/(-42). Let a be (0 - -1)*(-5 + 9 - -12). What is the highest common divisor of w and a?
16
Let r(h) = 59*h - 537. Let v be r(13). Calculate the greatest common factor of 138 and v.
46
Let f = -8859 - -9979. Calculate the greatest common factor of f and 500.
20
Suppose -9*h + 5*h + 36 = -4*d, -3*h - 3*d = -21. Suppose h*u + u = 270. What is the greatest common factor of 10 and u?
10
Let w be (-282)/(-30) + 4/(-10). Let b be w + -4 + (0 - 1). Let j(f) = 15*f - 5. Let c be j(3). What is the highest common divisor of b and c?
4
Let z be (-91)/2 - (3 - (-15)/(-6)). Suppose i + i = 5*k - 288, -4*k = i - 233. Let m = z + k. Calculate the greatest common factor of 96 and m.
12
Let i = 7910 - 6735. Calculate the greatest common factor of 376 and i.
47
Suppose 0 = -g + 5*w + 715, -5*g + 2*w + 3145 = -545. Let h be 1/(-3) - (g/(-15) - -9). Let n be 8/10*(1 - -9). What is the highest common factor of h and n?
8
Let z(l) = -l**2 + 13*l - 23. Let k = 265 + -255. Let m be z(k). What is the greatest common divisor of 329 and m?
7
Suppose -2*l + 356 = -364. Suppose -99*d + l = -90*d. Calculate the highest common factor of d and 50.
10
Let t(h) = -34*h - 3. Let m be t(-2). Suppose m = 3*o - 46. Suppose 2*j - 72 - 2 = 0. Calculate the highest common divisor of o and j.
37
Let y(f) = -f**3 - 19*f**2 + 43*f + 26. Let p be y(-21). Suppose 0*g + p*g - 3*t = 32, -4*t = -2*g + 24. What is the greatest common divisor of 6 and g?
2
Let n = -3470 + 3561. Calculate the highest common factor of n and 15743.
91
Suppose 0 = -0*j - 2*j + 322. Let v = 415 + -469. Let x be (-18)/(-81) - 1230/v. Calculate the greatest common factor of j and x.
23
Let o be -32*((-1 - 0) + 0). Let t be -3 - ((-6)/(-6) - 8). Suppose -8*q = t*q - 1152. Calculate the highest common divisor of o and q.
32
Let y = -5899 + 6830. What is the greatest common factor of y and 38?
19
Suppose -5*d + 3*z + 930 = -0*z, 4*d - 5*z - 744 = 0. Let b be (1 - (26 + -1))/((-42)/(-140)). Let w = b + 111. What is the highest common factor of d and w?
31
Let n be (-3 + -3)/(((-246)/2804)/41). What is the highest common divisor of 4 and n?
4
Suppose 3*f - 173 = -d, -3*d + 0*f + 4*f = -480. Let p = -144 + d. What is the greatest common divisor of 160 and p?
20
Suppose -240 = -5*x + 3*v, 0*x = 2*x + 3*v - 75. Let j = 71 - 148. Let z = j + 95. What is the highest common factor of x and z?
9
Suppose 0 = 8*o - 511 - 633. What is the greatest common factor of 182 and o?
13
Suppose -3*n + 7*n = 0. Let p be (-44)/(-2) - (-1 - n). Suppose v - 756 = -3*b - 0*v, 3*b = 4*v + 771. What is the greatest common divisor of p and b?
23
Suppose 174 = 5*g - 3*p, -54*p + 53*p = -g + 36. Suppose 7*c - g = 58. Calculate the greatest common factor of c and 91.
13
Let q(c) be the first derivative of -4*c**3/3 + 6*c**2 - 5*c + 4. Let d be q(6). Let k = -14 - d. Calculate the greatest common factor of 21 and k.
21
Let y be ((-60)/18 - -5)*3. Let s(j) = -2*j**2 + 56*j + 25. Let b be s(28). Calculate the greatest common divisor of b and y.
5
Let q = 44757 - 21657. Calculate the greatest common factor of 22 and q.
22
Let d be (-64)/40*175/2. Let s be ((-6)/(-4))/((-10)/d). What is the greatest common factor of s and 147?
21
Suppose 137 = 5*j - 23. Let z be 558/27*15*2. Suppose 5*v + 3*d - 628 = -0*d, -z = -5*v - 5*d. Calculate the highest common divisor of v and j.
32
Let z(a) = -a**2 + 17*a + 183. Let k be z(-6). Let t(b) = -2*b + 3. Let v be t(2). Let w be v/(1 + 0) - -16. What is the greatest common factor of w and k?
15
Let u be 2077134/3417 - (-2)/17. What is the highest common divisor of u and 380?
76
Let q be (-29022)/3455*(120/(-14) + 0). Calculate the highest common factor of q and 1098.
18
Suppose 3*i = 3*j - 741, 0*j + 2*i = j - 246. Let h(a) = a**3 - 8*a**2 - 7*a - 10. Let l be h(9). What is the highest common divisor of j and l?
8
Let s be (11/((-198)/24))/((-4)/6). Let j(y) = 9*y - 12*y - y**3 + s*y**3 - 9 + 15*y**2. Let i be j(-15). Calculate the highest common factor of i and 60.
12
Suppose -4*w + 198 = -2*v, -w + 257*v = 260*v - 46. Calculate the greatest common divisor of 441 and w.
49
Let s(k) = k**3 - 36*k**2 + 100*k - 28. Let b be s(33). Let d be 1436*2/8 + 5/b. What is the greatest common factor of d and 80?
40
Let g = 30982 - 30532. What is the highest common factor of g and 375?
75
Suppose -10 = -2*y - 2. Let b be 4/y*75*(-6)/(-5). Let w = -36 + b. What is the highest common divisor of 6 and w?
6
Let i be 816/72*((-4 - -6) + 7). What is the greatest common factor of 561 and i?
51
Let h = 297 + -209. Let g(t) = 2*t**2 + 50*t + 64. Let b be g(-25). Calculate the highest common divisor of h and b.
8
Let k be -2 + (-6)/(24/(-92)). Suppose -5*r + 8 = -4*r. Let f = r + 13. Calculate the greatest common factor of k and f.
21
Suppose 55*q + 207 = 38*q + 40*q. Suppose 62 = 2*h + 26. What is the highest common factor of h and q?
9
Let y = -3201 + 3246. What is the highest common divisor of 720 and y?
45
Suppose 3*j = 816 - 810. Suppose j*q + m = 9, -5*q + 9*q - 2*m = 38. Calculate the highest common factor of q and 3.
1
Let g be 9/(-1)*(40/(-3))/2. What is the highest common factor of g and 252?
12
Suppose 5*k - x - 32 = 0, 0 = -3*k - 2296*x + 2298*x + 29. Calculate the greatest common divisor of 1170 and k.
5
Let w be 0 - 4342/(-8) - (-2673)/10692. Calculate the highest common divisor of w and 1267.
181
Suppose 0 = -8*t + 7*t + j + 2637, -5*t = -4*j - 13183. Calculate the greatest common factor of 1395 and t.
155
Suppose 4*k + 12 + 26 = -5*v, 4*v + k + 37 = 0. Let o(r) = -25*r + 14 + 6*r + 4 - 2*r**2. Let d be o(v). What is the highest common divisor of d and 12?
4
Suppose 2*t + 3*r = 68, -33 - 15 = -t + 2*r. Suppose 2*b - 2*x + 4 = 64, -3*b - x + 90 = 0. Let w = b + -6. What is the greatest common divisor of w and t?
8
Suppose 3*u + 13*m - 53 = 8*m, u + m - 15 = 0. Suppose 471 = -u*t + 504. Calculate the highest common divisor of 192 and t.
3
Let p(m) = -m**2 - 29*m - 105. Let r be p(-10). What is the highest common divisor of r and 320?
5
Suppose -6818 - 11774 = -332*p. Calculate the highest common factor of p and 1694.
14
Let q(r) = r**3 - 11*r**2 + 63*r - 12. Let i be q(12). What is the highest common factor of i and 66?
6
Suppose -2*s + 922 = 10*k, 191*k + 481 = 196*k - 4*s. Calculate the highest common divisor of 744 and k.
93
Let g = -66 - -102. Let c(t) = 30*t**2. Let h be c(-3). Suppose -l = -4*l + h. Calculate the greatest common factor of l and g.
18
Let f = 695 + -635. Let i be 28/6*f/35. What is the greatest common divisor of i and 296?
8
Suppose 2*u = -5*r + 149, 45*u = 46*u + 2*r - 77. What is the highest common factor of 174 and u?
87
Let g(x) = x**3 + x**2 - x + 580. Let c be g(0). Let z = 47009 + -46969. What is the greatest common factor of z and c?
20
Suppose -f - f + 264 = 0. Suppose -3*x = -77 - 22. What is the highest common factor of x and f?
33
Let z be (-4)/(-10) + -2 + (-4479)/(-15). Let u = z + -268. Calculate the greatest common factor of u and 348.
29
Let z = 23271 + -16346. What is the greatest common factor of z and 25?
25
Let p = -398 + 97. Let j = 305 + p. What is the highest common factor of j and 352?
4
Let z = 249 + -145. Let x(r) = 67*r + 4247. Let b be x(-63). Calculate the highest common factor of z and b.
26
Suppose -3*h + 7452 = 33*h. Let u = h + -199. What is the greatest common divisor of 12 and u?
4
Let z(s) = -19*s - 92. Let g be z(-5). Suppose -5*c = -20, x + g*c = 6*c. What is the greatest common divisor of 300 and x?
12
Let v be (567/(-3))/(-7) + (5 - 0)